3, 2437
List the prime factors of 2685.
3, 5, 179
List the prime factors of 29504.
2, 461
List the prime factors of 39451.
39451
What are the prime factors of 17655?
3, 5, 11, 107
What are the prime factors of 44577?
3, 13, 127
List the prime factors of 20302.
2, 10151
What are the prime factors of 123809?
7, 23, 769
List the prime factors of 1049.
1049
List the prime factors of 2566.
2, 1283
What are the prime factors of 1618?
2, 809
List the prime factors of 8770.
2, 5, 877
What are the prime factors of 59456?
2, 929
What are the prime factors of 1362?
2, 3, 227
List the prime factors of 11823.
3, 7, 563
What are the prime factors of 89278?
2, 7, 911
List the prime factors of 138166.
2, 7, 71, 139
What are the prime factors of 137238?
2, 3, 89, 257
What are the prime factors of 118660?
2, 5, 17, 349
What are the prime factors of 1114?
2, 557
List the prime factors of 33638.
2, 11, 139
What are the prime factors of 11756?
2, 2939
What are the prime factors of 941?
941
What are the prime factors of 9974?
2, 4987
What are the prime factors of 1557?
3, 173
What are the prime factors of 1784?
2, 223
List the prime factors of 4675.
5, 11, 17
List the prime factors of 44590.
2, 5, 7, 13
List the prime factors of 115004.
2, 28751
List the prime factors of 21587.
21587
List the prime factors of 188.
2, 47
List the prime factors of 42457.
42457
List the prime factors of 9384.
2, 3, 17, 23
What are the prime factors of 1808?
2, 113
What are the prime factors of 44291?
13, 3407
What are the prime factors of 22175?
5, 887
What are the prime factors of 29299?
83, 353
List the prime factors of 1397.
11, 127
List the prime factors of 1721.
1721
What are the prime factors of 3943?
3943
What are the prime factors of 482?
2, 241
What are the prime factors of 79083?
3, 29, 101
List the prime factors of 968.
2, 11
List the prime factors of 893.
19, 47
What are the prime factors of 920?
2, 5, 23
List the prime factors of 1043.
7, 149
What are the prime factors of 943?
23, 41
What are the prime factors of 2260?
2, 5, 113
What are the prime factors of 10400?
2, 5, 13
List the prime factors of 7034.
2, 3517
List the prime factors of 40689.
3, 11, 137
What are the prime factors of 71449?
7, 59, 173
List the prime factors of 4978.
2, 19, 131
List the prime factors of 5131.
7, 733
What are the prime factors of 43612?
2, 10903
What are the prime factors of 3766?
2, 7, 269
List the prime factors of 139.
139
What are the prime factors of 149?
149
What are the prime factors of 1573?
11, 13
What are the prime factors of 32875?
5, 263
List the prime factors of 23701.
137, 173
What are the prime factors of 817?
19, 43
What are the prime factors of 3187?
3187
List the prime factors of 16503.
3, 5501
What are the prime factors of 26945?
5, 17, 317
What are the prime factors of 1159?
19, 61
What are the prime factors of 151?
151
What are the prime factors of 11036?
2, 31, 89
List the prime factors of 88096.
2, 2753
List the prime factors of 67784.
2, 37, 229
List the prime factors of 1211.
7, 173
What are the prime factors of 2756?
2, 13, 53
List the prime factors of 229.
229
List the prime factors of 2532.
2, 3, 211
List the prime factors of 26621.
7, 3803
List the prime factors of 2223.
3, 13, 19
What are the prime factors of 5161?
13, 397
List the prime factors of 113939.
7, 41, 397
What are the prime factors of 2470?
2, 5, 13, 19
What are the prime factors of 876?
2, 3, 73
What are the prime factors of 6290?
2, 5, 17, 37
List the prime factors of 1808.
2, 113
What are the prime factors of 101?
101
What are the prime factors of 9163?
7, 11, 17
What are the prime factors of 313?
313
List the prime factors of 2446.
2, 1223
List the prime factors of 3446.
2, 1723
List the prime factors of 134012.
2, 33503
List the prime factors of 12696.
2, 3, 23
What are the prime factors of 43859?
61, 719
What are the prime factors of 9277?
9277
List the prime factors of 9079.
7, 1297
List the prime factors of 1165.
5, 233
List the prime factors of 3152.
2, 197
What are the prime factors of 852?
2, 3, 71
List the prime factors of 688.
2, 43
What are the prime factors of 12765?
3, 5, 23, 37
What are the prime factors of 22453?
22453
What are the prime factors of 1768?
2, 13, 17
What are the prime factors of 1304?
2, 163
List the prime factors of 24689.
7, 3527
What are the prime factors of 24572?
2, 6143
What are the prime factors of 113171?
113171
List the prime factors of 551.
19, 29
List the prime factors of 1885.
5, 13, 29
List the prime factors of 5246.
2, 43, 61
What are the prime factors of 22324?
2, 5581
List the prime factors of 79534.
2, 7, 13, 19, 23
List the prime factors of 10223.
10223
What are the prime factors of 25391?
25391
What are the prime factors of 1666?
2, 7, 17
What are the prime factors of 82529?
82529
List the prime factors of 31.
31
List the prime factors of 1308.
2, 3, 109
List the prime factors of 46505.
5, 71, 131
List the prime factors of 24237.
3, 2693
List the prime factors of 2866.
2, 1433
List the prime factors of 1631.
7, 233
List the prime factors of 12931.
67, 193
What are the prime factors of 914?
2, 457
List the prime factors of 14512.
2, 907
What are the prime factors of 1672?
2, 11, 19
What are the prime factors of 927?
3, 103
What are the prime factors of 5621?
7, 11, 73
What are the prime factors of 118191?
3, 39397
List the prime factors of 1116.
2, 3, 31
List the prime factors of 759.
3, 11, 23
List the prime factors of 1994.
2, 997
List the prime factors of 1343.
17, 79
What are the prime factors of 16533?
3, 11, 167
What are the prime factors of 10797?
3, 59, 61
List the prime factors of 20384.
2, 7, 13
List the prime factors of 3473.
23, 151
What are the prime factors of 2017?
2017
List the prime factors of 2505.
3, 5, 167
List the prime factors of 40069.
17, 2357
What are the prime factors of 2172?
2, 3, 181
What are the prime factors of 1396?
2, 349
List the prime factors of 3636.
2, 3, 101
What are the prime factors of 5314?
2, 2657
List the prime factors of 7001.
7001
List the prime factors of 13283.
37, 359
What are the prime factors of 2231?
23, 97
What are the prime factors of 1577?
19, 83
What are the prime factors of 24645?
3, 5, 31, 53
What are the prime factors of 1531?
1531
List the prime factors of 416.
2, 13
What are the prime factors of 4612?
2, 1153
List the prime factors of 7977.
3, 2659
What are the prime factors of 300?
2, 3, 5
What are the prime factors of 10913?
7, 1559
List the prime factors of 351.
3, 13
What are the prime factors of 897?
3, 13, 23
What are the prime factors of 1005?
3, 5, 67
What are the prime factors of 8908?
2, 17, 131
What are the prime factors of 267?
3, 89
List the prime factors of 21.
3, 7
List the prime factors of 18525.
3, 5, 13, 19
List the prime factors of 59981.
59981
What are the prime factors of 983?
983
List the prime factors of 275.
5, 11
List the prime factors of 740.
2, 5, 37
What are the prime factors of 15510?
2, 3, 5, 11, 47
What are the prime factors of 11580?
2, 3, 5, 193
What are the prime factors of 2194?
2, 1097
List the prime factors of 1876.
2, 7, 67
List the prime factors of 130.
2, 5, 13
What are the prime factors of 26441?
137, 193
List the prime factors of 809.
809
What are the prime factors of 3548?
2, 887
What are the prime factors of 183980?
2, 5, 9199
What are the prime factors of 11882?
2, 13, 457
List the prime factors of 1379.
7, 197
What are the prime factors of 24210?
2, 3, 5, 269
What are the prime factors of 1146?
2, 3, 191
What are the prime factors of 2047?
23, 89
What are the prime factors of 242?
2, 11
What are the prime factors of 1179?
3, 131
List the prime factors of 775.
5, 31
List the prime factors of 2527.
7, 19
What are the prime factors of 11403?
3, 7, 181
List the prime factors of 12460.
2, 5, 7, 89
List the prime factors of 373.
373
What are the prime factors of 233?
233
What are the prime factors of 1879?
1879
What are the prime factors of 977?
977
What are the prime factors of 53128?
2, 29, 229
What are the prime factors of 587?
587
What are the prime factors of 4079?
4079
What are the prime factors of 30759?
3, 10253
List the prime factors of 13360.
2, 5, 167
List the prime factors of 2791.
2791
List the prime factors of 429.
3, 11, 13
List t